t s = n - 131. Is s a prime number?
False
Let n = -2 + -2. Is n + 112/35 - 5709/(-5) a prime number?
False
Let a = 11173 - 7162. Suppose 28769 = 4*t + 2*x - a, -3*x = -5*t + 40997. Is t a composite number?
True
Let k(u) = 28*u - 45. Let b = -6 - -14. Let c be k(b). Let p = c - -408. Is p composite?
False
Is 1/((-15)/(-3727413))*230/138 composite?
False
Let j(a) = 10*a + 45. Let w be j(-4). Let f(z) = 169*z**2 - 6*z + 34. Is f(w) a prime number?
True
Let i = -326448 + 683179. Is i a composite number?
False
Let h(v) = -5*v - 72. Let l be h(-31). Suppose l*k = 81*k + 1024. Suppose -q + 121 = 3*c, -2*q = 2*q - 2*c - k. Is q a composite number?
False
Is 18628212/132 + 106/583 prime?
False
Suppose -2*r = -r - 6*r. Suppose 0 = 6*n - r*n - 2658. Is n prime?
True
Let h(q) = 71*q**2 - 85*q - 17. Is h(-8) a composite number?
True
Is 11 - ((-212719)/1 + -13) prime?
False
Let z(h) = h**3 + 19*h**2 - 22*h - 37. Let n be z(-20). Suppose 0 = 10*g + n*g - 63895. Is g prime?
False
Suppose 0 = -4*p - 20, 0 = 10*g - 15*g - 3*p. Suppose 3408 = 5*u + g*d, 4*u - 61*d = -65*d + 2728. Is u a composite number?
True
Suppose -1 = 28*h - 29*h, -5*b = h - 38016. Is b a prime number?
True
Let g(q) be the second derivative of -3*q**4/2 - q**3/6 - 11*q**2/2 - 6*q. Let t be g(-4). Let i = 94 - t. Is i a prime number?
True
Let r = -48 + 49. Let d be 2/r*(-13 - -15). Suppose 0 = d*u - 3*c - 10219, -12740 = -5*u - 0*c - 3*c. Is u a composite number?
False
Let r(i) = 11653*i + 2643. Is r(10) prime?
True
Let o = -27851 - -49135. Suppose -5*u + 35540 = 5*m, -6*m + 5*u + o = -3*m. Is m a composite number?
False
Let h = 10400 + -5932. Suppose -4*q - 924 = -h. Suppose -s - s = -q. Is s prime?
True
Let x = 51817 - 34278. Is x a composite number?
False
Let i be (-14)/((14/21)/2). Let m = i + 65. Is m a composite number?
False
Suppose -61*g = -132*g + 172*g - 5081411. Is g composite?
False
Suppose 33*d + 368 = 25*d. Let o = d + 81. Is o a composite number?
True
Let d = -10 - -10. Suppose d = 12*m - 4 - 20. Suppose -m*z = 6*z - 15784. Is z a prime number?
True
Let a(j) = -j**3 - 7*j**2 - 9*j - 15. Let k be a(-6). Suppose -3*s - 2*l + 772 = -374, 0 = k*l. Is s composite?
True
Suppose 4*q = 4*v + v + 8, -3*q + 6 = -3*v. Suppose -3*i + 5*d = -596, v*i = -i + 5*d + 212. Suppose -i = -s - 49. Is s composite?
True
Let j(l) = 4762*l**2 + 5*l. Let t be j(1). Suppose -t + 1102 = -5*r. Is r composite?
False
Let r(w) = w**3 + 2*w**2 - 32*w - 31. Let f be r(13). Suppose 9*s + 27*s = f. Is s composite?
True
Let m(i) = -4*i - 26. Let v be m(-9). Suppose -5*g + 2*g = 2*q - v, 15 = 3*q - g. Suppose 5*a = q*l - 2005, -3*l = 4*a + 404 - 1579. Is l a prime number?
True
Let d(b) = b**2 + 16*b + 68. Let u be d(-8). Is (-2)/(u/(-14) + (-11296)/(-39634)) a composite number?
True
Is 8*13/(-286) + (-2341314)/(-22) a composite number?
True
Let z be ((-136)/36*6)/(4/(-6)). Let u = z - 24. Is 4447/5 + u/(-25) composite?
True
Let q be (-36)/3*3*(-1)/12. Suppose -q*d + d = 3*x - 190, 187 = 3*x + 5*d. Is (-4)/(-1)*x - (12 + -9) a prime number?
False
Suppose 2 - 6 = -2*h. Suppose -12*t + 30100 = -h*t. Let j = t + -1923. Is j composite?
False
Suppose -5*d + 62530 = -3*o, 4*d + 2*o = -0*o + 50002. Let w = 21687 - d. Let x = w - 5199. Is x prime?
False
Let a be 6 - (-4 + 1 + (-8)/(-2)). Let f(d) = 175*d - a + 33*d + 189*d. Is f(3) composite?
True
Suppose 202808 = 31*k + 24744. Let m = 8485 - k. Is m prime?
True
Let q = -54 - 121. Let z = q - -307. Let k = z + 425. Is k composite?
False
Let k = 183 + -191. Is (k - -2730)/((2 - 1)*2) a prime number?
True
Let n(l) = -77*l + 2. Let v be (1 - (-6)/(-4))/(10/(-60)). Let u be -3 - (-1 + v - -2). Is n(u) composite?
False
Let o(k) = -3*k**3 - 19*k**2 + 419*k - 343. Is o(-88) a prime number?
False
Suppose 31*b = -4*h + 33*b + 6, -2*b = -3*h + 2. Suppose -4*v + 470 + 437 = 5*j, -3*v + h*j + 657 = 0. Is v prime?
True
Suppose -x + 5*n + 56498 = 0, 13*n - 12*n - 113029 = -2*x. Is x prime?
False
Suppose -13*f + 99621 = 4*v - 14*f, -5*v - 4*f = -124563. Is v a composite number?
False
Suppose 5*x - 32 = 553. Let w = -107 + x. Suppose 4*i = 3*h + 436, -3*i - 8*h + w*h = -327. Is i a composite number?
False
Suppose -55*x + 53*x = 0. Suppose x*v - 25983 = -3*q + 2*v, 3*q - 3*v = 25980. Is q a composite number?
False
Let r = -957812 - -1835939. Is r a composite number?
True
Suppose 3*r + 3*r - 102 = 0. Let t(f) = 160*f - 55. Let g be t(r). Suppose -3*p - w + g = -0*w, -p = w - 891. Is p a composite number?
False
Let w(i) = -64*i**2 + 6*i - 5. Let j be w(6). Let s = 4127 + -3633. Let g = s - j. Is g prime?
True
Let r(a) = -6*a**3 - 1 - 15*a**2 - 6 + 10 - 2 - 19*a. Is r(-6) composite?
True
Suppose 95*a = -35*a + 10708385 + 27963105. Is a prime?
False
Suppose 17 = 2*h - u, 5*h - 71 = 3*u - 26. Suppose 3*s + 6 = -h. Let a(b) = -3*b**3 + 4*b**2 + b - 1. Is a(s) a prime number?
True
Suppose -5*s + 17 = 62. Let j = s + 14. Suppose -j*q + 681 = 76. Is q a composite number?
True
Let f(l) = 3760*l**3 - l**2 + l - 1. Let p be f(-2). Is p/(-12)*-2*(-2 + 0) a prime number?
False
Let w = 3035 + -3029. Let l(d) = 144*d + 1. Let m be l(1). Is m/(-2)*((-12)/w + 0) a prime number?
False
Let n(y) = -850248*y**3 - y**2 + 18*y + 14. Is n(-1) a prime number?
True
Let u(v) = 9*v**2 - v + 1. Let b be u(-1). Let y = b - 8. Is 2/1 - (-5949)/y a composite number?
True
Suppose 0 = 87*g - 322357691 - 34435660. Is g a prime number?
True
Suppose 2*r - 2 = 6. Suppose -3*p - 4*l + 38061 = -2*l, -5*l = -r*p + 50771. Is p composite?
False
Is 9/((-27)/24) + 79237 composite?
False
Let t = 46 + -27. Let l = 26 + t. Let n = 230 - l. Is n composite?
True
Suppose 0 = -6*w + 66 - 6. Suppose -11*i = -w*i - 2. Is (-8768)/(-10) + i/10 a prime number?
True
Let z(a) = 10258*a + 188. Let f be z(-2). Let o = f - -33619. Is o composite?
False
Let z = 571020 + -336749. Is z composite?
False
Suppose 2*j = -22*j. Suppose 11332 = 4*s - j*s. Is s prime?
True
Let y(d) = 9*d - 19. Let m be y(3). Suppose 4*g - 32484 = -m*g. Is g a prime number?
True
Let u(n) = 83*n + 96. Let y(i) = -42*i - 49. Let f(a) = 3*u(a) + 7*y(a). Is f(-8) a composite number?
True
Let t(k) be the second derivative of -37*k**3/6 - 23*k**2/2 - 5*k. Suppose 0 = 6*y - y + 30. Is t(y) a prime number?
True
Let v(h) = -3*h**3 - 7*h**2 - 9*h - 4. Let a be v(-2). Suppose -19173 = -a*x + 2417. Is x prime?
False
Let r be -3 - 5/(-1) - 4. Is 983 + 0 + 0/(r + -1) composite?
False
Let m = -423 - -801. Suppose -2*h + m = -2208. Is h prime?
False
Suppose 7428372 = 36*t + 6*t - 66066. Is t composite?
False
Suppose -9*x = 25 + 29. Is ((-18)/27 + (-14947)/x)*2 a composite number?
True
Is 0 - ((-2)/8 - ((-1463273)/(-28) + -11)) a prime number?
True
Suppose -153*c + 2157084 = 5*c - 4871230. Is c a prime number?
True
Suppose -4*x + 36 = -8*x + 4*t, -14 = x - 2*t. Let p be 28/9 - x/(-36). Suppose 3*y + 636 = p*f, 0*f = -f - 2*y + 209. Is f prime?
True
Let d(r) = 3*r + 14. Let m be d(-3). Suppose -5*f + b = -27, 3*b - b = -m*f + 21. Suppose -4*q - 678 = -2*u, 0 = 3*q + 1 + f. Is u composite?
True
Let g be 1*-10*(-78)/3. Let b = -171 + g. Let q = b + 74. Is q prime?
True
Suppose 30*g - 26*g = -2*s + 7775234, -4 = 4*s. Is g composite?
True
Suppose -377*o + 181*o = -176*o - 7203260. Is o composite?
False
Suppose 0 = -13*p - 64 + 90. Is (p - 2) + (-26238)/(-12)*2 composite?
False
Let p(z) = z**3 + 126*z**2 - 414*z + 362. Is p(-105) a prime number?
True
Let z = -11 - -20. Let j = z + -7. Suppose 0 = a - j*u - 4 - 20, -5*a + 4*u + 150 = 0. Is a a composite number?
True
Suppose 2*w + t = 21, -8*w + 7*w - 4*t = -28. Suppose -w*k - 1970 = -2*q - 10*k, 0 = -k - 3. Let b = q + -697. Is b prime?
False
Let z = -9329 - -11986. Is z composite?
False
Let w(d) = -d**2 - 19*d - 70. Let x be w(-8). Suppose -x*g = 4*g - 251042. Is g a composite number?
False
Suppose b - 93102 = 418*z - 413*z, -b - 2*z = -93067. Is b prime?
True
Suppose -2*v - 3*u = -4, 4 = v + u + 2. Is v/14*-3 - 46384/(-364) prime?
True
Suppose -4*s + 9*s = 25. Is (2594/4)/(s/10) a composite number?
False
Suppose 4*a = 3*b + 225 + 388, 0 = 3*a - 5*b - 468. Let r = -52 + 92. Let q = r + a. Is q a composite number?
False
Suppose 2 = -0*u - 2*u + 3*s, -2*u + s = -6. Suppose 0 = -2*o - 5*f + 2876, 7*o = 3*o - 2*f + 5752. Suppose u*l - 3*l - o = 0. Is l